{"id":124,"date":"2018-07-04T09:07:04","date_gmt":"2018-07-04T09:07:04","guid":{"rendered":"http:\/\/sek-landsberg.de\/?page_id=124"},"modified":"2024-06-25T04:30:51","modified_gmt":"2024-06-25T04:30:51","slug":"schulfoerderverein","status":"publish","type":"page","link":"https:\/\/sek-landsberg.de\/?page_id=124","title":{"rendered":"Schulf\u00f6rderverein"},"content":{"rendered":"<h2>Wer sind wir?<\/h2>\n<p>Der Schulf\u00f6rderverein der Sekundarschule unterst\u00fctzt Vorhaben der Sekundarschule materiell und ideell.<\/p>\n<p><a href=\"https:\/\/sek-landsberg.de\/wp-content\/uploads\/2022\/03\/Beitrittserklaerung-und-Einzugsermaechtigung-Maerz-2022.pdf\">Beitrittserkl\u00e4rung und Einzugserm\u00e4chtigung M\u00e4rz 2022<\/a><!--more--><\/p>\n<h2>Sponsoren des Vereins<\/h2>\n<ul>\n<li style=\"list-style-type: none;\">\n<ul>\n<li><img loading=\"lazy\" decoding=\"async\" class=\"alignnone wp-image-3877\" src=\"https:\/\/sek-landsberg.de\/wp-content\/uploads\/2021\/01\/Logo_Backlinking-293x300.png\" alt=\"\" width=\"136\" height=\"139\" srcset=\"https:\/\/sek-landsberg.de\/wp-content\/uploads\/2021\/01\/Logo_Backlinking-293x300.png 293w, https:\/\/sek-landsberg.de\/wp-content\/uploads\/2021\/01\/Logo_Backlinking.png 463w\" sizes=\"auto, (max-width: 136px) 100vw, 136px\" \/><br \/>\n1000 EUR&nbsp;F\u00f6rderung des Projekts &#8222;Floorball bewegt alle&#8220; im&nbsp;Rahmen des F\u00f6rderfonds \u201eSchule bewegt!\u201c der Spendenorganisation Stiftung Bildung mit Unterst\u00fctzung der Beisheim Stiftung im Jahr 2021<\/li>\n<li><img loading=\"lazy\" decoding=\"async\" class=\"alignnone wp-image-3873\" src=\"https:\/\/sek-landsberg.de\/wp-content\/uploads\/2021\/01\/Meet_and_Code_Logo-300x189.jpg\" alt=\"\" width=\"187\" height=\"118\" srcset=\"https:\/\/sek-landsberg.de\/wp-content\/uploads\/2021\/01\/Meet_and_Code_Logo-300x189.jpg 300w, https:\/\/sek-landsberg.de\/wp-content\/uploads\/2021\/01\/Meet_and_Code_Logo-200x125.jpg 200w, https:\/\/sek-landsberg.de\/wp-content\/uploads\/2021\/01\/Meet_and_Code_Logo.jpg 760w\" sizes=\"auto, (max-width: 187px) 100vw, 187px\" \/><br \/>\n500,00 EUR im Jahr 2019<br \/>\nEinsatz der Verbesserung der IT-Ausr\u00fcstung der Schule<br \/>\n1000,00 EUR im Jahr 2020<br \/>\nErwerb eines Beamers und eines Projektorwagens<\/li>\n<li><span style=\"font-size: 16px; font-weight: 400;\">Herr Jochen von Malottki im Jahr 2020 200 EUR<br \/>\nUnterst\u00fctzung der Arbeitsgemeinschaft &#8222;Kreatives Gestalten&#8220;<\/span><\/li>\n<li>Saalesparkasse PS-Lotterie Sparen im Jahr 2020 750 EUR<\/li>\n<li><img loading=\"lazy\" decoding=\"async\" class=\"alignnone wp-image-3878\" src=\"https:\/\/sek-landsberg.de\/wp-content\/uploads\/2021\/01\/cropped-Hellmich_Logo_1000x1000px-e1563368684518.png\" alt=\"\" width=\"125\" height=\"125\" srcset=\"https:\/\/sek-landsberg.de\/wp-content\/uploads\/2021\/01\/cropped-Hellmich_Logo_1000x1000px-e1563368684518.png 240w, https:\/\/sek-landsberg.de\/wp-content\/uploads\/2021\/01\/cropped-Hellmich_Logo_1000x1000px-e1563368684518-150x150.png 150w\" sizes=\"auto, (max-width: 125px) 100vw, 125px\" \/><br \/>\nFa. Hellmich Sponsoring des Mittagessens der neuen 5. Klassen im SJ 2018\/19 und 2019\/20 an den ersten beiden Schultagen je ca. 360 EUR<\/li>\n<li>W+G Gebhardt GmbH Lehr- und Lernmittel im Jahr 1700 EUR<br \/>\nErwerb von Lehr- und Lehrmitteln (Lekt\u00fcre..)<\/li>\n<li>Volksbank Halle(Saale) eG im Jahr 2017<br \/>\nErwerb einer Musikanlage<\/li>\n<\/ul>\n<\/li>\n<\/ul>\n<h2>Der Vorstand<\/h2>\n<p>Vorsitzender: Herr Andr\u00e9 Rei\u00dfer<br \/>\nStellvertreter: Frau Gabriele Baumg\u00e4rtner<br \/>\nKassenwart: Frau Grit Paasch<br \/>\nKassenpr\u00fcfer: Frau Cathleen Le\u00dfner<\/p>\n<h2>Aktuelles<\/h2>\n<ul>\n<li style=\"list-style-type: none;\">\n<ul>\n<li>Der F\u00f6rderverein unterst\u00fctzt das Projekt \u201eFloorball bewegt alle\u201c beim Erwerb von Materialien und Beantragung von F\u00f6rdermittel. Im Februar wurde Material (Schl\u00e4ger, B\u00e4lle, Tore&#8230;) &nbsp;in H\u00f6he von 1400 \u20ac f\u00fcr dieses Projekt erworben&nbsp;<\/li>\n<li>Der F\u00f6rderverein unterst\u00fctzte und begleitete das Event meet-and-Code (Oktober 2020).<\/li>\n<li>Die Schule wurde mit einem Beamerwagen und Beamer ausgestattet (Dezember 2020).<\/li>\n<li>Die Fachschaften werden durch den Erwerb von Zusatzliteratur unterst\u00fctzt.<\/li>\n<li>Der Schulf\u00f6rderverein unterst\u00fctzt unsere talentierten Hochspringer beim traditionellen &#8222;Hochsprung mit Musik&#8220; mit Siegerpr\u00e4mien.<\/li>\n<li>Erfolgreich wurde am Tag der offenen Schult\u00fcr 2018 der Sponsorenlauf mit Unterst\u00fctzung des Schulf\u00f6rdervereins durchgef\u00fchrt. Es wurden 1100 \u20ac eingenommen. Die H\u00e4lfte des Geldes wurde im Namen der Sch\u00fcler an die DKMS gemeinn\u00fctzige GmbH gespendet.<\/li>\n<li>In vergangenen Schuljahren wurde durch die Firma Hellmich &#8222;Alles Lecker Essen &amp; mehr&#8220;, das Sponsoring des Mittagessens f\u00fcr unsere neuen Sch\u00fcler der Klasse 5 an den ersten beiden Unterrichtstagen \u00fcbernommen.<\/li>\n<\/ul>\n<\/li>\n<\/ul>\n<h2>So erreichen Sie uns:<\/h2>\n<p>email an den Schulf\u00f6rderverein: <a href=\"mailto:sfv01@sks-landsberg.bildung-lsa.de\">sfv01@sks-landsberg.bildung-lsa.de<\/a><\/p>\n<h2>Gr\u00fcndung und Geschichte<\/h2>\n<p>Im Mai 2012 fanden sich engagierte Lehrer und Eltern zusammen, um den F\u00f6rderverein der Sekundarschule zu gr\u00fcnden. Der F\u00f6rderverein hat es sich zur Aufgabe gemacht die Schule und die Sch\u00fcler in materieller und ideeller Hinsicht zu unterst\u00fctzen.<\/p>\n<p>Erste &#8222;Erfolge&#8220; auf dem Weg dahin hat unser Verein schon zu verzeichnen: So gelang es uns beim PS-Lotteriesparen der Sparkasse eine Aussch\u00fcttung von 500 EUR zu erhalten. F\u00fcr die Schule wurde ein Beamer nebst Videowagen erworben, den viele Sch\u00fcler schon zur Unterst\u00fctzung ihrer Vortr\u00e4ge nutzten.<\/p>\n<h2>Weitere Aktivit\u00e4ten<\/h2>\n<ul>\n<li style=\"list-style-type: none;\">\n<ul>\n<li>die Pr\u00e4mierung von Sch\u00fclern beim allj\u00e4hrlichen Hochsprung mit Musik<\/li>\n<li>F\u00f6rderung der Sportwoche<\/li>\n<li>Auszeichnung von Sch\u00fclern der 10. Klassen bei der feierlichen Zeugnisausgabe, die sich im besonderen Ma\u00dfe f\u00fcr die Belange der Klasse einsetzten.<\/li>\n<\/ul>\n<\/li>\n<\/ul>\n<h2>Beitritt<\/h2>\n<p>Ist Ihr Interesse geweckt und wollen Sie die Arbeit des F\u00f6rdervereins unterst\u00fctzen? Hier geht es zum Download der daf\u00fcr ben\u00f6tigten Materialien:<\/p>\n<p><a href=\"https:\/\/sek-landsberg.de\/wp-content\/uploads\/2022\/03\/Beitrittserklaerung-und-Einzugsermaechtigung-Maerz-2022.pdf\">Beitrittserkl\u00e4rung und Einzugserm\u00e4chtigung M\u00e4rz 2022<\/a><\/p>\n<h2>F\u00f6rderung von Projekten<\/h2>\n<p>Wir unterst\u00fctzen gerne die Projekte und Ideen der Klassen und Lehrer. Stellt dazu einen Antrag. Wie der Antrag aussehen sollte, seht ihr in der Dokumentvorlage, die ihr an dieser Stelle downloaden k\u00f6nnt.<\/p>\n<p><a href=\"http:\/\/sek-landsberg.de\/wp-content\/uploads\/2018\/08\/Beispiel-f\u00fcr-einen-Antrag-auf-finanzielle-Unterst\u00fctzung-an-den-F\u00f6rderverein.pdf\">Beispiel f\u00fcr einen Antrag auf finanzielle Unterst\u00fctzung an den F\u00f6rderverein<\/a><\/p>\n","protected":false},"excerpt":{"rendered":"<p>Wer sind wir? Der Schulf\u00f6rderverein der Sekundarschule unterst\u00fctzt Vorhaben der Sekundarschule materiell und ideell. Beitrittserkl\u00e4rung und Einzugserm\u00e4chtigung M\u00e4rz 2022<\/p>\n","protected":false},"author":1,"featured_media":3932,"parent":0,"menu_order":0,"comment_status":"closed","ping_status":"closed","template":"","meta":{"ngg_post_thumbnail":0,"footnotes":""},"class_list":["post-124","page","type-page","status-publish","has-post-thumbnail","hentry"],"_links":{"self":[{"href":"https:\/\/sek-landsberg.de\/index.php?rest_route=\/wp\/v2\/pages\/124","targetHints":{"allow":["GET"]}}],"collection":[{"href":"https:\/\/sek-landsberg.de\/index.php?rest_route=\/wp\/v2\/pages"}],"about":[{"href":"https:\/\/sek-landsberg.de\/index.php?rest_route=\/wp\/v2\/types\/page"}],"author":[{"embeddable":true,"href":"https:\/\/sek-landsberg.de\/index.php?rest_route=\/wp\/v2\/users\/1"}],"replies":[{"embeddable":true,"href":"https:\/\/sek-landsberg.de\/index.php?rest_route=%2Fwp%2Fv2%2Fcomments&post=124"}],"version-history":[{"count":28,"href":"https:\/\/sek-landsberg.de\/index.php?rest_route=\/wp\/v2\/pages\/124\/revisions"}],"predecessor-version":[{"id":4678,"href":"https:\/\/sek-landsberg.de\/index.php?rest_route=\/wp\/v2\/pages\/124\/revisions\/4678"}],"wp:featuredmedia":[{"embeddable":true,"href":"https:\/\/sek-landsberg.de\/index.php?rest_route=\/wp\/v2\/media\/3932"}],"wp:attachment":[{"href":"https:\/\/sek-landsberg.de\/index.php?rest_route=%2Fwp%2Fv2%2Fmedia&parent=124"}],"curies":[{"name":"wp","href":"https:\/\/api.w.org\/{rel}","templated":true}]}}