{"id":6425,"date":"2025-02-12T12:20:14","date_gmt":"2025-02-12T12:20:14","guid":{"rendered":"https:\/\/sek-landsberg.de\/?page_id=6425"},"modified":"2025-02-12T12:56:03","modified_gmt":"2025-02-12T12:56:03","slug":"kommunikationswege","status":"publish","type":"page","link":"https:\/\/sek-landsberg.de\/?page_id=6425","title":{"rendered":"Kommunikationswege"},"content":{"rendered":"<p>Unser Kommunikationsleitfaden \u2013 Gemeinsam f\u00fcr eine starke Schulgemeinschaft<\/p>\n<p>An der Sekundarschule An der Doppelkapelle ist uns ein respektvoller und transparenter Austausch zwischen Eltern, Lehrkr\u00e4ften und der Schulleitung besonders wichtig. Unser Kommunikationsleitfaden dient als verbindliche Grundlage f\u00fcr eine offene und wertsch\u00e4tzende Zusammenarbeit.<\/p>\n<p><a href=\"https:\/\/sek-landsberg.de\/wp-content\/uploads\/2025\/02\/Kommunikationsleitfaden.pdf\">Hier<\/a> geht es zu unseren Kommunikationswegen.<\/p>\n<p>&nbsp;<\/p>\n","protected":false},"excerpt":{"rendered":"<p>Unser Kommunikationsleitfaden \u2013 Gemeinsam f\u00fcr eine starke Schulgemeinschaft An der Sekundarschule An der Doppelkapelle ist uns ein respektvoller und transparenter Austausch zwischen Eltern, Lehrkr\u00e4ften und der Schulleitung besonders wichtig. Unser Kommunikationsleitfaden dient als verbindliche Grundlage [&hellip;]<\/p>\n","protected":false},"author":5,"featured_media":6431,"parent":91,"menu_order":0,"comment_status":"closed","ping_status":"closed","template":"page-templates\/fullwidth.php","meta":{"ngg_post_thumbnail":0,"footnotes":""},"class_list":["post-6425","page","type-page","status-publish","has-post-thumbnail","hentry"],"_links":{"self":[{"href":"https:\/\/sek-landsberg.de\/index.php?rest_route=\/wp\/v2\/pages\/6425","targetHints":{"allow":["GET"]}}],"collection":[{"href":"https:\/\/sek-landsberg.de\/index.php?rest_route=\/wp\/v2\/pages"}],"about":[{"href":"https:\/\/sek-landsberg.de\/index.php?rest_route=\/wp\/v2\/types\/page"}],"author":[{"embeddable":true,"href":"https:\/\/sek-landsberg.de\/index.php?rest_route=\/wp\/v2\/users\/5"}],"replies":[{"embeddable":true,"href":"https:\/\/sek-landsberg.de\/index.php?rest_route=%2Fwp%2Fv2%2Fcomments&post=6425"}],"version-history":[{"count":4,"href":"https:\/\/sek-landsberg.de\/index.php?rest_route=\/wp\/v2\/pages\/6425\/revisions"}],"predecessor-version":[{"id":6433,"href":"https:\/\/sek-landsberg.de\/index.php?rest_route=\/wp\/v2\/pages\/6425\/revisions\/6433"}],"up":[{"embeddable":true,"href":"https:\/\/sek-landsberg.de\/index.php?rest_route=\/wp\/v2\/pages\/91"}],"wp:featuredmedia":[{"embeddable":true,"href":"https:\/\/sek-landsberg.de\/index.php?rest_route=\/wp\/v2\/media\/6431"}],"wp:attachment":[{"href":"https:\/\/sek-landsberg.de\/index.php?rest_route=%2Fwp%2Fv2%2Fmedia&parent=6425"}],"curies":[{"name":"wp","href":"https:\/\/api.w.org\/{rel}","templated":true}]}}