{"id":74,"date":"2018-07-04T08:35:52","date_gmt":"2018-07-04T08:35:52","guid":{"rendered":"http:\/\/sek-landsberg.de\/?page_id=74"},"modified":"2020-12-16T20:42:37","modified_gmt":"2020-12-16T20:42:37","slug":"geschichte","status":"publish","type":"page","link":"https:\/\/sek-landsberg.de\/?page_id=74","title":{"rendered":"Geschichte"},"content":{"rendered":"<p>Unser Schulgeb\u00e4ude existiert seit 1983. Seit Kurzem ist es nagelneu. Sch\u00fcler und Lehrer sind bestrebt, Vorhandenes zu erhalten und Neues zu schaffen.<\/p>\n<p>Im Schuljahr 2010\/11 wurde unsere Schule vollst\u00e4ndig saniert. Ein ganzes Schuljahr lang wurde das Haus energetisch saniert und komplett umgestaltet. Deshalb wurden unsere Sch\u00fcler zur Zeit in der ehemaligen Sekundarschule Hohenthurm und im Gymnasium Landsberg unterrichtet. Vollst\u00e4ndig erneuert wurden alle heizungstechnischen, sanit\u00e4ren und elektrischen Anlagen, die Au\u00dfenw\u00e4nde erhielten eine D\u00e4mmung und die Fassaden einen neuen Glanz, deren Farbgestaltung sich an den Farben der Stadt orientiert. Au\u00dferdem wurden Fluchttreppen errichtet, wie es die Brandschutzbestimmungen vorschreiben.<br \/>\nW\u00e4hrend dieser Zeit waren die Sch\u00fcler f\u00fcr ein Jahr ausgezogen. Die f\u00fcnf 9. und 10. Klassen lernten im benachbarten Gymnasium, die neun anderen Klassen nutzten das Geb\u00e4ude der bereits geschlossenen Sekundarschule in Hohenthurm. Im Schuljahr 2011\/12 konnten wir wieder in unser &#8222;neues altes&#8220; Schulgeb\u00e4ude ziehen. Hier haben wir ideale Lernbedingungen in einer hellen und freundlichen Umgebung. Das Schuljahr 2011\/12 war ebenfalls gepr\u00e4gt durch die Gestaltung des Au\u00dfenbereichs, der in diesem Schuljahr fertiggestellt wird.<\/p>\n<p>Die Geschichte des Schulstandortes Landsberg geht jedoch noch viel weiter zur\u00fcck. wer Interesse hat kann sich auf der folgenden Seite mit Ausz\u00fcgen aus unserer Schulchronik besch\u00e4ftigen, die von Frau Heidelore Streuber zusammengetragen und stetig erg\u00e4nzt wird.<\/p>\n<div id=\"attachment_76\" style=\"width: 310px\" class=\"wp-caption aligncenter\"><img loading=\"lazy\" decoding=\"async\" aria-describedby=\"caption-attachment-76\" class=\"wp-image-76 size-medium\" src=\"https:\/\/sek-landsberg.de\/wp-content\/uploads\/2018\/07\/schule_01_540-300x204.jpg\" alt=\"\" width=\"300\" height=\"204\"><p id=\"caption-attachment-76\" class=\"wp-caption-text\">vor der Sanierung<\/p><\/div>\n<p>&nbsp;<\/p>\n<div id=\"attachment_77\" style=\"width: 270px\" class=\"wp-caption aligncenter\"><img loading=\"lazy\" decoding=\"async\" aria-describedby=\"caption-attachment-77\" class=\"size-full wp-image-77\" src=\"http:\/\/sek-landsberg.de\/wp-content\/uploads\/2018\/07\/w2dizl7855019ee4091da0d-e1530693103457.jpg\" alt=\"\" width=\"260\" height=\"176\"><p id=\"caption-attachment-77\" class=\"wp-caption-text\">nach der Sanierung<\/p><\/div>\n","protected":false},"excerpt":{"rendered":"<p>Unser Schulgeb\u00e4ude existiert seit 1983. Seit Kurzem ist es nagelneu. Sch\u00fcler und Lehrer sind bestrebt, Vorhandenes zu erhalten und Neues zu schaffen. Im Schuljahr 2010\/11 wurde unsere Schule vollst\u00e4ndig saniert. Ein ganzes Schuljahr lang wurde [&hellip;]<\/p>\n","protected":false},"author":1,"featured_media":804,"parent":52,"menu_order":0,"comment_status":"closed","ping_status":"closed","template":"","meta":{"ngg_post_thumbnail":0,"footnotes":""},"class_list":["post-74","page","type-page","status-publish","has-post-thumbnail","hentry"],"_links":{"self":[{"href":"https:\/\/sek-landsberg.de\/index.php?rest_route=\/wp\/v2\/pages\/74","targetHints":{"allow":["GET"]}}],"collection":[{"href":"https:\/\/sek-landsberg.de\/index.php?rest_route=\/wp\/v2\/pages"}],"about":[{"href":"https:\/\/sek-landsberg.de\/index.php?rest_route=\/wp\/v2\/types\/page"}],"author":[{"embeddable":true,"href":"https:\/\/sek-landsberg.de\/index.php?rest_route=\/wp\/v2\/users\/1"}],"replies":[{"embeddable":true,"href":"https:\/\/sek-landsberg.de\/index.php?rest_route=%2Fwp%2Fv2%2Fcomments&post=74"}],"version-history":[{"count":12,"href":"https:\/\/sek-landsberg.de\/index.php?rest_route=\/wp\/v2\/pages\/74\/revisions"}],"predecessor-version":[{"id":3836,"href":"https:\/\/sek-landsberg.de\/index.php?rest_route=\/wp\/v2\/pages\/74\/revisions\/3836"}],"up":[{"embeddable":true,"href":"https:\/\/sek-landsberg.de\/index.php?rest_route=\/wp\/v2\/pages\/52"}],"wp:featuredmedia":[{"embeddable":true,"href":"https:\/\/sek-landsberg.de\/index.php?rest_route=\/wp\/v2\/media\/804"}],"wp:attachment":[{"href":"https:\/\/sek-landsberg.de\/index.php?rest_route=%2Fwp%2Fv2%2Fmedia&parent=74"}],"curies":[{"name":"wp","href":"https:\/\/api.w.org\/{rel}","templated":true}]}}